361 + -14331. Suppose 3 - 4 = -c. What is the remainder when t is divided by (-21 - c)/(1 + -3)?
8
Let n = -42 - -89. Suppose 70 = -45*k + n*k. What is the remainder when 138 is divided by k?
33
Let h = -5 - -15. Suppose 0 = 14*v - 28*v - 462. Let a = v + 51. Calculate the remainder when a is divided by h.
8
Suppose 151*f + 7631 = 64860. What is the remainder when f is divided by 43?
35
What is the remainder when 17532 is divided by 10/6*6699/1015?
9
Suppose -5*s + 16 = -4. Suppose -3*c + 27 + s = -g, 0 = -2*c + 3*g + 23. Let q = 122 + -95. Calculate the remainder when q is divided by c.
7
Let c = -28331 - -28395. Calculate the remainder when 2683 is divided by c.
59
Let s = -11537 + 11706. Suppose 4*j = 16, -3*k = -6*k + 2*j + 94. Calculate the remainder when s is divided by k.
33
Suppose -3*q = 6 + 9. Let g(l) = -5*l**2 + 2*l + 30. Let b be g(q). What is the remainder when (-9*7/b)/(1/145) is divided by 22?
21
Calculate the remainder when 397 is divided by ((-6)/(-4))/((-175)/(-140)) + (-778)/(-10).
2
Let w = -9322 + 9345. What is the remainder when w is divided by 360/(-48)*4/(-3)?
3
Suppose -70*a + 65*a + 95 = -5*m, -115 = -7*a + 4*m. What is the remainder when 1927 is divided by a?
3
Calculate the remainder when (2*(81/12)/3)/((-207)/(-16698)) is divided by 93.
84
Let y = 17 - 8. Suppose -112*p - 3504 = -9552. Let a = y + p. Calculate the remainder when a is divided by 8.
7
Let h(k) = -8*k**3 + 41*k + 83. What is the remainder when h(-3) is divided by 9?
5
Suppose 22*r + 202*r - 4928 = 0. Let d(y) = y**2 - 3*y - 6. Calculate the remainder when d(10) is divided by r.
20
Let h(b) be the third derivative of -5*b**4/24 - 13*b**3/6 - 48*b**2. Calculate the remainder when 1 + -1 - (-29 + -3) is divided by h(-6).
15
Suppose 228 = -15*m - 1167. Let f = m + 674. Calculate the remainder when f is divided by 53.
51
Let i = 87 - 41. Suppose 847 = i*b - 35*b. What is the remainder when b is divided by 10?
7
Let l(y) = -y + 17. What is the remainder when 3270/42 - (-128)/112 is divided by l(7)?
9
Let y = -62 + 64. Suppose -y*v + 2*u + 2*u = 0, v - 4*u = -4. Suppose v*t = 5*o - 40, -t = o - 6 - 2. What is the remainder when 19 is divided by o?
3
Suppose -237 = -64*z + 19. What is the remainder when 67 is divided by z?
3
Let a(z) = -20*z - 61. Let c be a(-11). Let v = 167 - c. Calculate the remainder when v is divided by 6.
2
What is the remainder when ((-4)/18 - (11 + (-66770)/198)) + 8 is divided by 171?
163
Let i = 77 - 137. Let x = -31 - i. Let b(u) = u**3 + 5*u**2 - 16*u + 1. What is the remainder when x is divided by b(-7)?
14
Let n = 54 + 1248. Calculate the remainder when 31 is divided by n/462 - 4/(-22).
1
Suppose x - 5*g - 9 = 0, -2*g - 9 = -2*x + 1. Suppose x*q = 4*k + 288, 5*q - 394 + 18 = k. What is the remainder when q is divided by 20?
16
Let t be 17/5 - (-54)/90 - -47. Suppose t*h + 152 = 59*h. Calculate the remainder when h is divided by 15.
4
Let x(n) = 4*n**2 - 15*n - 7. What is the remainder when 1282 is divided by x(-1)?
10
Let r = 673 - 674. Calculate the remainder when 119 is divided by r/3 - (-2800)/75.
8
Let p(t) = t**3 + 35*t**2 + 84*t + 102. Calculate the remainder when 975 is divided by p(-32).
3
Let b = 154 + -55. Suppose -4*q + b - 239 = 4*y, 4*y - 5*q + 140 = 0. Let z = 77 + y. What is the remainder when z is divided by 22?
20
Let q be (2/(-3))/(4 + (-150)/36). Suppose g - 5 = 0, q*k = 12*g - 10*g + 70. What is the remainder when 41 is divided by k?
1
Suppose 3*x - 141 = -3*b, b + x = -2*b + 133. Suppose -3235*t + 22638 = 20048 - 42700. What is the remainder when b is divided by t?
1
Let a be (-2)/(-3) + (-296)/(-6). Suppose 0 = 2*s + 5*f + 98, -f + 169 - 56 = -3*s. Let n = s + a. What is the remainder when n is divided by 3?
2
Suppose -3*m = -4*g + 305, -34*m + 103 = -35*m + 2*g. Calculate the remainder when (-4)/(144/(-3700)) - 22/m is divided by 35.
33
Let y = 17 - 7. Let j(r) = 6*r + 427. Calculate the remainder when j(-59) is divided by y.
3
Let h(j) = -2*j**2 - 63*j + 174. What is the remainder when h(-32) is divided by 10?
2
Suppose 1971*l - 998*l - 998*l = -850. Let y = -20 + 38. Calculate the remainder when l is divided by y.
16
Calculate the remainder when 139 is divided by (34/18)/(218/1962).
3
Let v = -16973 - -17029. Let w be -1 - (-59 - (-3 - -1)). Suppose -w = -5*y + g, 2*g + 9 = 2*y - 7. What is the remainder when v is divided by y?
8
Let u be (-1)/5 - 102/(-10). Suppose -u*a + 6*a + 536 = 0. Suppose 186 + a = 5*i. What is the remainder when i is divided by 33?
31
Let s(i) = 12*i**2 + 24*i - 102. Let l be s(-11). Let d = l - 1052. Calculate the remainder when 407 is divided by d.
33
Let b = -500 - -690. Suppose 22*r - b = 294. Calculate the remainder when r is divided by 10.
2
Suppose -419*j + 408*j = -154. Let i(f) = 32*f - 9. Calculate the remainder when i(12) is divided by j.
11
Let r = 60942 + -60904. What is the remainder when r is divided by 2/5 - 58/(-5)?
2
Let l(r) = -2*r**2 - 37*r - 18. Let g be l(-18). Suppose g = -72*n + 82*n - 770. Let u = -15 - -32. What is the remainder when n is divided by u?
9
Suppose 10*u + 17 = -43. Let d be (-98)/(-4) - (-6 - 39/u). Let z = d + -3. Calculate the remainder when 82 is divided by z.
19
Suppose 0 = -2*w + 5*c + 1573, -3923 = -5*w - 128*c + 131*c. What is the remainder when w is divided by 96?
16
Suppose -3*h + 51 + 3 = 0. Suppose 153*o = -134*o + 91553. What is the remainder when o is divided by h?
13
Let n = -1518 + 4988. What is the remainder when n is divided by 89?
88
Let g be (6/8*4)/((-7)/(-7)). Calculate the remainder when 127 is divided by -83*(-3)/15 + g/(-5).
15
Let l = 4 - 11. Let w(c) = -c - 3. Calculate the remainder when (220/33)/(-2)*-3 is divided by w(l).
2
Let q = 568 - 566. Suppose -f + 112 = 4*x, q*f = x + x + 224. Calculate the remainder when f is divided by (-2)/8 + 231/12.
17
What is the remainder when 114 is divided by 2864/(-179) - (-1 - 18)?
0
Let c be 6/4*(-7416)/27. Let p = c + 415. What is the remainder when 95 is divided by p?
2
Suppose -47*g + 1 = 1. Suppose n + 4*i - 174 = g, 8*i = 12*i. What is the remainder when n is divided by 80?
14
Let u(k) = -6*k**3 - 5*k**2 + 105*k + 323. What is the remainder when 1124 is divided by u(-3)?
124
Suppose -4*y + 2*s - 1756 = -2108, -4*s + 466 = 5*y. What is the remainder when 1529 is divided by y?
89
Suppose k - c - 9 = -4*c, 3 = -5*k + c. Suppose -m - 3*m + 24 = k. Suppose 4*y - 76 = 2*s, y - 5*s - 1 = -0*y. What is the remainder when y is divided by m?
3
Let m = 21 - -89. Suppose -y - 4*y + m = 3*t, -3*y - 3*t = -60. Calculate the remainder when 86 is divided by y.
11
Suppose -5*l + 25479 = -378*m + 380*m, 0 = -l + 3*m + 5106. Calculate the remainder when l is divided by 25.
22
Let j(g) = -8*g - 2. Suppose -s + 44*m = 36*m - 98, 5*s + 2*m - 448 = 0. Calculate the remainder when s is divided by j(-4).
0
Let m = -79 - -1617. What is the remainder when m is divided by 27?
26
Let v = -209 + 435. Let d = v + -136. What is the remainder when d is divided by 46?
44
What is the remainder when 24/16 - (-159)/2 is divided by ((-7)/((-210)/(-492)))/(2/(-5))?
40
Let x = -22223 - -22265. Calculate the remainder when 77 is divided by x.
35
Let a(q) = -226*q - 25. What is the remainder when a(-1) is divided by 60?
21
Let q(c) = 21*c - 322. Let m(t) = 7*t - 108. Let p(x) = 11*m(x) - 4*q(x). What is the remainder when 125 is divided by p(12)?
13
Let u = 636 + -562. Calculate the remainder when u is divided by 1.
0
Let k(t) = -t**2 + t - 40. Let o be k(0). Let g be (128/o)/((-4)/130). Let m = -45 + g. Calculate the remainder when m is divided by 32.
27
Suppose -20*w - 27*w + 5687 = 0. Calculate the remainder when 1690 is divided by w.
117
What is the remainder when (-24)/(-32) + 2442/8 is divided by 7 - (13 - (40 - -10))?
42
Let c(j) be the second derivative of j**4/12 + 10*j**3/3 + 111*j**2/2 + 104*j. Calculate the remainder when 88 is divided by c(-5).
16
Suppose 19*k - 891 - 1883 = 0. Calculate the remainder when k is divided by (-4 - (189/6)/(-7))*52.
16
Suppose 134*l - 6854 = 3464. Calculate the remainder when 1072 is divided by l.
71
Suppose -2*l + 2*x - 22 = -3*l, -3*x + 23 = l. Suppose -10*u + l = -90. Calculate the remainder when 16 is divided by u.
5
Suppose 4*m - 257 = -5*l, -108*l + 105*l + 